0
What is the greatest common factor of 34339 and 19320?
23
What is the highest common factor of 11495 and 106115?
95
What is the highest common divisor of 27971400 and 6600?
600
Calculate the highest common divisor of 1257438 and 166012.
686
Calculate the highest common divisor of 35 and 13306735.
5
Calculate the highest common factor of 847187895 and 105.
15
Calculate the greatest common factor of 82528873 and 7.
7
Calculate the highest common divisor of 7756 and 55123.
277
What is the highest common divisor of 53559 and 3888?
9
What is the highest common factor of 679120 and 27820?
260
Calculate the greatest common factor of 2925410 and 10.
10
What is the highest common divisor of 702 and 16487042?
26
What is the greatest common factor of 6165231 and 14176?
443
What is the greatest common factor of 2886320 and 68125?
545
Calculate the greatest common divisor of 102 and 17526558.
102
Calculate the highest common factor of 18656363 and 33.
11
Calculate the highest common divisor of 8778 and 1982802.
114
What is the highest common factor of 935910 and 36954?
18
Calculate the greatest common factor of 53976308 and 1334.
1334
What is the greatest common factor of 736 and 44315296?
736
Calculate the highest common factor of 32313805 and 45.
5
Calculate the greatest common factor of 35311290 and 12810.
210
Calculate the highest common factor of 41404 and 55066.
22
What is the greatest common divisor of 4 and 2128177?
1
What is the greatest common factor of 6695811 and 3051?
27
What is the greatest common factor of 1717 and 42370409?
1717
Calculate the greatest common divisor of 3044925 and 2808.
351
Calculate the highest common divisor of 430 and 1785145.
215
Calculate the greatest common divisor of 1607 and 96808.
1
What is the greatest common factor of 105754 and 76?
38
Calculate the highest common divisor of 3956 and 918045.
23
What is the highest common divisor of 360274 and 22?
2
What is the greatest common factor of 244180 and 5858?
58
Calculate the greatest common factor of 15813 and 100212.
21
Calculate the highest common divisor of 20 and 77365.
5
What is the highest common factor of 19480 and 32355?
5
What is the highest common divisor of 168 and 693213?
3
Calculate the greatest common factor of 15073512 and 72.
24
What is the greatest common factor of 231 and 31060062?
33
Calculate the greatest common factor of 660 and 11415954.
66
What is the greatest common divisor of 100713 and 1426797?
177
What is the highest common divisor of 88 and 37814236?
4
What is the highest common factor of 5 and 35681065?
5
What is the greatest common factor of 10100 and 110184940?
2020
Calculate the highest common divisor of 9 and 20105277.
3
What is the greatest common divisor of 9044 and 727532?
68
Calculate the highest common factor of 26910 and 77906790.
1170
Calculate the greatest common factor of 2219 and 2253654123.
2219
What is the highest common factor of 17091 and 332991?
81
What is the greatest common factor of 774452 and 4063?
17
Calculate the highest common divisor of 14 and 133771498.
14
Calculate the greatest common divisor of 8589 and 24927.
21
What is the greatest common factor of 1636911024 and 2751?
2751
What is the greatest common factor of 56487 and 3876?
57
What is the highest common divisor of 16977646 and 1302?
434
Calculate the greatest common factor of 119 and 18084073.
119
What is the highest common divisor of 15517094 and 181952?
5686
What is the highest common divisor of 6324 and 1106904?
204
What is the greatest common factor of 188489392 and 14?
14
Calculate the greatest common divisor of 838637 and 219085.
1019
What is the highest common factor of 362 and 2610681917?
181
What is the greatest common divisor of 513199245 and 130?
65
What is the highest common factor of 3 and 11473326?
3
What is the greatest common factor of 7758 and 5845222?
862
What is the greatest common divisor of 40 and 635435?
5
Calculate the highest common factor of 8730765 and 135.
45
What is the highest common divisor of 172386 and 43122?
6
Calculate the highest common divisor of 1668040 and 4888180.
3740
What is the highest common factor of 8 and 21190016?
8
What is the greatest common factor of 42 and 572159?
7
What is the highest common divisor of 997969 and 35?
7
Calculate the greatest common divisor of 563253 and 444.
3
Calculate the highest common factor of 579965 and 1292150.
3005
Calculate the greatest common factor of 155136 and 71072.
32
What is the greatest common divisor of 127 and 38175311?
127
Calculate the highest common divisor of 3248 and 27783856.
464
Calculate the greatest common factor of 244 and 639890.
122
Calculate the greatest common factor of 11765 and 11586965.
65
What is the greatest common divisor of 258323 and 161603?
403
Calculate the greatest common divisor of 118 and 792410.
2
Calculate the highest common factor of 314452 and 140716.
508
What is the greatest common factor of 247973908 and 3640?
364
Calculate the highest common factor of 820 and 18770.
10
Calculate the greatest common factor of 2000213 and 93073.
571
Calculate the greatest common factor of 473764032 and 2120.
424
What is the greatest common factor of 23783136 and 3400?
136
Calculate the highest common divisor of 8 and 2628089216.
8
What is the highest common divisor of 22448 and 1795504?
16
What is the greatest common divisor of 624584 and 5252?
404
Calculate the highest common factor of 4510851 and 2318724.
6663
Calculate the greatest common factor of 187880 and 3198195.
385
Calculate the greatest common divisor of 26 and 191006816.
26
What is the highest common divisor of 454796 and 307463?
67
Calculate the highest common divisor of 1906 and 11759067.
953
Calculate the greatest common divisor of 90828153 and 234.
117
What is the highest common factor of 4272846 and 45480?
2274
Calculate the highest common factor of 804 and 7667346.
402
What is the greatest common divisor of 390 and 36170?
10
What is the highest common factor of 126 and 110396601?
63
What is the greatest common factor of 700732800 and 6400?
3200
Calculate the greatest common divisor of 3212 and 895452602.
1606
Calculate the greatest common divisor of 78060 and 595858.
2602
Calculate the highest common factor of 1358544 and 27621.
1023
Calculate the greatest common divisor of 5979086 and 872.
218
Calculate the greatest common factor of 10156300 and 19250.
3850
Calculate the greatest common divisor of 9652800 and 2240.
320
Calculate the greatest common factor of 5124221 and 1312.
41
Calculate the greatest common divisor of 458142 and 1243056.
174
Calculate the highest common factor of 1349211504 and 48.
48
What is the highest common divisor of 30178134 and 126?
126
What is the highest common divisor of 61536 and 24464?
16
What is the highest common divisor of 276 and 79972863?
69
Calculate the greatest common factor of 5992 and 457890664.
5992
What is the greatest common divisor of 63 and 45310461?
21
Calculate the greatest common factor of 1235561 and 29964.
227
What is the greatest common divisor of 112 and 117676608?
112
Calculate the greatest common divisor of 798208 and 988406.
3118
What is the highest common divisor of 693554 and 160406?
1154
What is the greatest common factor of 9105792 and 24?
24
What is the greatest common divisor of 92363898 and 6?
6
What is the highest common divisor of 734080 and 43090?
310
What is the greatest common divisor of 1147 and 429755?
37
Calculate the highest common factor of 97495 and 766258.
527
Calculate the greatest common factor of 12 and 1317348.
12
What is the greatest common divisor of 348742 and 24638?
254
Calculate the greatest common divisor of 49881 and 1334502.
39
What is the greatest common factor of 5972 and 35157164?
5972
What is the greatest common factor of 4590 and 243042336?
918
What is the highest common factor of 340 and 29518460?
340
What is the greatest common divisor of 3886 and 2182192?
58
What is the highest common divisor of 1326 and 488478?
102
What is the greatest common factor of 60 and 47178548?
4
Calculate the highest common divisor of 50600 and 74296900.
2300
What is the greatest common divisor of 15900038 and 81466?
3542
Calculate the highest common factor of 208237692 and 26.
26
What is the greatest common fac